 (base 8) in base 15?
-7
What is 332 (base 4) in base 11?
57
Convert 36 (base 13) to base 10.
45
Convert 0 (base 2) to base 7.
0
-87 (base 12) to base 4
-1213
104 (base 10) to base 7
206
-21 (base 13) to base 9
-30
-2 (base 5) to base 15
-2
What is 12 (base 12) in base 5?
24
4 (base 15) to base 14
4
Convert 10 (base 12) to base 7.
15
111 (base 2) to base 8
7
What is 11 (base 2) in base 3?
10
What is 33 (base 8) in base 3?
1000
What is 2 (base 12) in base 10?
2
-1 (base 6) to base 14
-1
d (base 15) to base 16
d
-230 (base 8) to base 5
-1102
What is -9 (base 11) in base 10?
-9
Convert -67 (base 13) to base 11.
-78
Convert -13 (base 5) to base 10.
-8
What is -11 (base 11) in base 9?
-13
-6 (base 9) to base 4
-12
What is 3 (base 6) in base 16?
3
Convert -c (base 13) to base 3.
-110
Convert 129 (base 10) to base 3.
11210
What is -1a (base 15) in base 9?
-27
-10 (base 13) to base 7
-16
-2 (base 13) to base 4
-2
Convert 2 (base 6) to base 5.
2
What is 20 (base 15) in base 11?
28
Convert 11 (base 7) to base 13.
8
-52 (base 7) to base 14
-29
1 (base 2) to base 12
1
What is -22 (base 5) in base 9?
-13
124 (base 10) to base 5
444
-10 (base 7) to base 14
-7
Convert 4 (base 6) to base 5.
4
Convert -11 (base 2) to base 15.
-3
Convert 2 (base 3) to base 4.
2
-2 (base 5) to base 4
-2
4 (base 8) to base 16
4
Convert 48 (base 15) to base 9.
75
2 (base 12) to base 14
2
Convert 31 (base 5) to base 9.
17
What is 2332 (base 5) in base 8?
526
Convert -4 (base 9) to base 12.
-4
Convert 4 (base 7) to base 13.
4
What is 1121 (base 4) in base 15?
5e
-3 (base 15) to base 8
-3
307 (base 8) to base 4
3013
Convert -363 (base 10) to base 7.
-1026
What is 323 (base 4) in base 16?
3b
444 (base 5) to base 3
11121
Convert 10 (base 9) to base 5.
14
What is 6 (base 10) in base 2?
110
What is -21 (base 8) in base 6?
-25
-143 (base 6) to base 10
-63
113 (base 8) to base 13
5a
Convert 2 (base 10) to base 6.
2
16 (base 7) to base 4
31
2 (base 12) to base 16
2
Convert -11102 (base 4) to base 15.
-178
What is -167 (base 10) in base 11?
-142
What is 67 (base 14) in base 12?
77
-40 (base 5) to base 9
-22
What is 3 (base 8) in base 10?
3
What is -43 (base 7) in base 8?
-37
Convert 164 (base 7) to base 8.
137
2 (base 14) to base 4
2
Convert 27 (base 12) to base 5.
111
20 (base 10) to base 2
10100
What is -8 (base 10) in base 3?
-22
What is 2 (base 13) in base 9?
2
1 (base 8) to base 5
1
Convert 5 (base 11) to base 5.
10
What is -1 (base 7) in base 6?
-1
20201 (base 3) to base 6
501
-9d (base 14) to base 8
-213
-28 (base 11) to base 8
-36
14 (base 8) to base 7
15
2 (base 4) to base 10
2
Convert 44 (base 10) to base 12.
38
Convert 10 (base 4) to base 9.
4
-111111 (base 2) to base 5
-223
Convert 13 (base 12) to base 8.
17
What is -a (base 14) in base 9?
-11
Convert 77 (base 11) to base 2.
1010100
Convert -43 (base 6) to base 9.
-30
What is -133 (base 4) in base 7?
-43
Convert -21 (base 3) to base 14.
-7
6 (base 16) to base 5
11
6 (base 9) to base 14
6
What is -240 (base 5) in base 13?
-55
120 (base 3) to base 4
33
-224 (base 11) to base 6
-1124
What is -11 (base 2) in base 12?
-3
What is 1c (base 14) in base 8?
32
What is 46 (base 13) in base 5?
213
What is -7 (base 16) in base 5?
-12
-119 (base 15) to base 16
-f9
Convert -2 (base 13) to base 9.
-2
Convert -122 (base 6) to base 3.
-1212
Convert -1 (base 7) to base 10.
-1
Convert -14 (base 8) to base 6.
-20
What is 2 (base 6) in base 16?
2
Convert -1 (base 15) to base 2.
-1
What is -3 (base 15) in base 12?
-3
2b (base 14) to base 8
47
17 (base 15) to base 7
31
-1001010 (base 2) to base 12
-62
-26 (base 13) to base 12
-28
-3123 (base 4) to base 5
-1334
-20 (base 8) to base 14
-12
Convert af (base 16) to base 13.
106
Convert -4 (base 16) to base 9.
-4
What is 424 (base 7) in base 9?
257
-9 (base 15) to base 3
-100
What is -1 (base 8) in base 6?
-1
Convert -57 (base 9) to base 6.
-124
-25 (base 7) to base 14
-15
What is -1 (base 12) in base 15?
-1
30 (base 6) to base 16
12
4 (base 6) to base 9
4
What is -10000 (base 2) in base 15?
-11
Convert 12 (base 14) to base 13.
13
Convert 45 (base 13) to base 4.
321
Convert 1 (base 7) to base 4.
1
Convert -38 (base 12) to base 6.
-112
Convert -1021 (base 3) to base 8.
-42
-5 (base 8) to base 9
-5
1 (base 7) to base 4
1
-a (base 12) to base 3
-101
-120 (base 5) to base 16
-23
What is -30 (base 4) in base 7?
-15
Convert 4 (base 12) to base 11.
4
What is -12 (base 11) in base 10?
-13
What is -21 (base 7) in base 15?
-10
Convert -6 (base 10) to base 4.
-12
0 (base 16) to base 15
0
What is c (base 14) in base 10?
12
What is 3 (base 11) in base 3?
10
Convert 3 (base 13) to base 9.
3
What is 400 (base 6) in base 13?
b1
Convert 99 (base 10) to base 5.
344
-3022 (base 4) to base 7
-406
Convert -1 (base 7) to base 6.
-1
What is 4b (base 13) in base 4?
333
0 (base 5) to base 12
0
4 (base 10) to base 12
4
2 (base 3) to base 6
2
Convert -2020 (base 4) to base 15.
-91
-14 (base 11) to base 10
-15
What is -460 (base 9) in base 10?
-378
Convert 1 (base 12) to base 11.
1
What is 0 (base 5) in base 16?
0
-10001 (base 2) to base 5
-32
5 (base 9) to base 16
5
-3 (base 16) to base 6
-3
Convert 5 (base 8) to base 15.
5
What is 3 (base 12) in base 3?
10
Convert 114 (base 5) to base 3.
1021
What is 0 (base 12) in base 2?
0
Convert -1451 (base 6) to base 2.
-110000111
-6 (base 12) to base 6
-10
5 (base 9) to base 15
5
What is 241 (base 6) in base 11?
89
What is 2 (base 15) in base 5?
2
Convert -165 (base 7) to base 9.
-116
Convert -103 (base 5) to base 12.
-24
What is -49 (base 11) in base 9?
-58
What is 4 (base 8) in base 3?
11
-130 (base 7) to base 10
-70
-8 (base 15) to base 13
-8
Convert 3 (base 8) to base 2.
11
Convert 1020 (base 3) to base 12.
29
Convert 136 (base 10) to base 6.
344
1 (base 15) to base 14
1
What is -241 (base 8) in base 4?
-2201
What is 34 (base 11) in base 13?
2b
Convert -155 (base 12) to base 16.
-d1
What is 2 (base 14) in base 3?
2
Convert 3 (base 6) to base 7.
3
0 (base 13) to base 10
0
-30 (base 9) to base 10
-27
What is 25 (base 6) in base 12?
15
11210 (base 3) to base 10
129
What is -13 (base 7) in base 6?
-14
Convert -16 (base 14) to base 11.
-19
What is 15 (base 7) in base 5?
22
Convert -1bb (base 12) to base 9.
-348
Convert 1d (base 15) to base 14.
20
3 (base 4) to base 12
3
12 (base 4) to base 9
6
Convert -1201 (base 3) to base 11.
-42
What is 0 (base 12) in base 8?
0
Convert -1 (base 10) to base 14.
-1
58 (base 16) to base 6
224
Convert -502 (base 7) to base 9.
-304
1110 (base 3) to base 15
29
Convert 1 (base 11) to base 14.
1
What is -24 (base 10) in base 9?
-26
-31 (base 13) to base 5
-130
-10002 (base 3) to base 10
-83
Convert 10 (base 5) to base 11.
5
-30 (base 6) to base 14
-14
What is -2 (base 5) in base 6?
-2
Convert -63 (base 7) to base 15.
-30
Convert -4 (base 10) to base 16.
-4
What is 1110111 (base 2) in base 5?
434
11 (base 8) to base 10
9
What is -86 (base 11) in base 2?
-1011110
What is -7 (base 8) in base 13?
-7
-15 (base 6) to base 14
-b
Convert 15 (base 11) to base 4.
100
1 (base 13) to base 6
1
What is a (base 12) in base 16?
a
Convert -1 (base 3) to base 7.
-1
-2 (base 13) to base 6
-2
5 (base 8) to base 16
5
What is -8 (base 16) in base 14?
-8
-3 (base 5) to base 15
-3
What is 2 (base 10) in base 16?
2
Convert 53 (base 14) to base 2.
1001001
Convert 73 (base 10) to base 9.
81
Convert 18 (base 14) to base 7.
31
What is 0 (base 12) in base 15?
0
Convert -357 (base 10) to base 14.
-1b7
Convert 4 (base 5) to base 16.
4
Convert -3 (base 8) to base 12.
-3
Convert 7b (base 12) to base 3.
10112
-107 (base 8) to base 3
-2122
16 (base 8) to base 10
14
-5 (base 6) to base 12
-5
What is -100100 (base 2) in base 7?
-51
20 (base 5) to base 12
a
Convert 2 (base 12) to base 7.
2
What is 8 (base 16) in base 12?
8
79 (base 14) to base 4
1223
Convert -14 (base 6) to base 14.
-a
2 (base 10) to base 14
2
1 (base 8) to base 9
1
-1 (base 11) to base 10
-1
What is -5 (base 12) in base 8?
-5
Convert 2 (base 16) to base 11.
2
Convert -1011 (base 3) to base 13.
-25
f0 (base 16) to base 10
240
37 (base 11) to base 15
2a
What is -3 (base 7) in base 4?
-3
What is 6 (base 10) in base 7?
6
Convert 205 (base 7) to base 11.
94
Convert -21 (base 3) to base 8.
-7
-102 (base 3) to base 8
-13
What is 111 (base 